{"id":159,"date":"2022-12-07T13:01:55","date_gmt":"2022-12-07T12:01:55","guid":{"rendered":"http:\/\/lerepitasbl.be\/?page_id=159"},"modified":"2024-03-15T16:54:56","modified_gmt":"2024-03-15T15:54:56","slug":"rdr-reduction-des-risques-en-milieux-festifs","status":"publish","type":"page","link":"https:\/\/lerepitasbl.be\/index.php\/rdr-reduction-des-risques-en-milieux-festifs\/","title":{"rendered":"RDR \u00a0\u00bb R\u00e9duction des risques en milieux festifs\u00a0\u00bb"},"content":{"rendered":"\t\t<div data-elementor-type=\"wp-page\" data-elementor-id=\"159\" class=\"elementor elementor-159\">\n\t\t\t\t\t\t\t\t\t<section class=\"elementor-section elementor-top-section elementor-element elementor-element-f57dd06 elementor-section-boxed elementor-section-height-default elementor-section-height-default\" data-id=\"f57dd06\" data-element_type=\"section\">\n\t\t\t\t\t\t<div class=\"elementor-container elementor-column-gap-default\">\n\t\t\t\t\t<div class=\"elementor-column elementor-col-100 elementor-top-column elementor-element elementor-element-e221f00\" data-id=\"e221f00\" data-element_type=\"column\">\n\t\t\t<div class=\"elementor-widget-wrap elementor-element-populated\">\n\t\t\t\t\t\t\t\t<div class=\"elementor-element elementor-element-8d0b4fe elementor-widget elementor-widget-text-editor\" data-id=\"8d0b4fe\" data-element_type=\"widget\" data-widget_type=\"text-editor.default\">\n\t\t\t\t<div class=\"elementor-widget-container\">\n\t\t\t<style>\/*! elementor - v3.8.1 - 13-11-2022 *\/\n.elementor-widget-text-editor.elementor-drop-cap-view-stacked .elementor-drop-cap{background-color:#818a91;color:#fff}.elementor-widget-text-editor.elementor-drop-cap-view-framed .elementor-drop-cap{color:#818a91;border:3px solid;background-color:transparent}.elementor-widget-text-editor:not(.elementor-drop-cap-view-default) .elementor-drop-cap{margin-top:8px}.elementor-widget-text-editor:not(.elementor-drop-cap-view-default) .elementor-drop-cap-letter{width:1em;height:1em}.elementor-widget-text-editor .elementor-drop-cap{float:left;text-align:center;line-height:1;font-size:50px}.elementor-widget-text-editor .elementor-drop-cap-letter{display:inline-block}<\/style>\t\t\t\t<p>Le projet de r\u00e9duction des risques en milieu festif consiste \u00e0 mettre en place des stands de sensibilisation sur les sites d\u2019activit\u00e9s festives (distribution de pr\u00e9servatifs, bouchons d\u2019oreille, eau, brochures, etc.) et de rentrer en contact avec le public afin d\u2019informer, de sensibiliser sur les risques li\u00e9s aux consommations d\u2019alcool et de produits, ainsi qu\u2019aux cons\u00e9quences de celles-ci pour sa propre sant\u00e9 et pour celle des autres.<\/p><p>\u00a0<\/p><p>Concr\u00e8tement, ce sont des jeunes (jobistes) form\u00e9s \u00e0 la th\u00e9matique, et encadr\u00e9s par des professionnels qui vont \u00e0 la rencontre du public durant les \u00e9v\u00e8nements.<\/p><p>Ce projet peut se concr\u00e9tiser gr\u00e2ce \u00e0 un partenariat entre les PCS de Couvin, Beaumont, Froidchapelle, Sivry-Rance ainsi que Florennes et Viroinval, l\u2019asbl R\u00e9pit, le planning familial de Chimay \u00ab La Bulle \u00bb et l\u2019asbl Sida-IST de Charleroi-Mons, l&rsquo;asbl Educa Sant\u00e9 et le CLPS de Charleroi-Thuin.<\/p><p>\u00a0<\/p><p>\u00a0<\/p><p>Si tu as 18 ans et plus,\u00a0 inscrit toi gratuitement \u00e0 cette formation aupr\u00e8s du PCS de ta commune. Cette formation de 2 jours aura lieu durant les cong\u00e9s de P\u00e2ques.\u00a0<\/p><p>Si vous \u00eates int\u00e9ress\u00e9 par ce projet, n\u2019h\u00e9sitez pas \u00e0 contacter le service.<\/p>\t\t\t\t\t\t<\/div>\n\t\t\t\t<\/div>\n\t\t\t\t\t<\/div>\n\t\t<\/div>\n\t\t\t\t\t\t\t<\/div>\n\t\t<\/section>\n\t\t\t\t<section class=\"elementor-section elementor-top-section elementor-element elementor-element-cdde140 elementor-section-boxed elementor-section-height-default elementor-section-height-default\" data-id=\"cdde140\" data-element_type=\"section\">\n\t\t\t\t\t\t<div class=\"elementor-container elementor-column-gap-default\">\n\t\t\t\t\t<div class=\"elementor-column elementor-col-50 elementor-top-column elementor-element elementor-element-0715901\" data-id=\"0715901\" data-element_type=\"column\">\n\t\t\t<div class=\"elementor-widget-wrap elementor-element-populated\">\n\t\t\t\t\t\t\t\t<div class=\"elementor-element elementor-element-28346f2 elementor-widget elementor-widget-image\" data-id=\"28346f2\" data-element_type=\"widget\" data-widget_type=\"image.default\">\n\t\t\t\t<div class=\"elementor-widget-container\">\n\t\t\t<style>\/*! elementor - v3.8.1 - 13-11-2022 *\/\n.elementor-widget-image{text-align:center}.elementor-widget-image a{display:inline-block}.elementor-widget-image a img[src$=\".svg\"]{width:48px}.elementor-widget-image img{vertical-align:middle;display:inline-block}<\/style>\t\t\t\t\t\t\t\t\t\t\t\t<img loading=\"lazy\" decoding=\"async\" width=\"1024\" height=\"740\" src=\"https:\/\/lerepitasbl.be\/wp-content\/uploads\/2024\/03\/IMG_20230722_223328-scaled-e1710517853194-1024x740.jpg\" class=\"attachment-large size-large\" alt=\"\" srcset=\"https:\/\/lerepitasbl.be\/wp-content\/uploads\/2024\/03\/IMG_20230722_223328-scaled-e1710517853194-1024x740.jpg 1024w, https:\/\/lerepitasbl.be\/wp-content\/uploads\/2024\/03\/IMG_20230722_223328-scaled-e1710517853194-300x217.jpg 300w, https:\/\/lerepitasbl.be\/wp-content\/uploads\/2024\/03\/IMG_20230722_223328-scaled-e1710517853194-768x555.jpg 768w, https:\/\/lerepitasbl.be\/wp-content\/uploads\/2024\/03\/IMG_20230722_223328-scaled-e1710517853194-1536x1110.jpg 1536w, https:\/\/lerepitasbl.be\/wp-content\/uploads\/2024\/03\/IMG_20230722_223328-scaled-e1710517853194-2048x1480.jpg 2048w\" sizes=\"auto, (max-width: 1024px) 100vw, 1024px\" \/>\t\t\t\t\t\t\t\t\t\t\t\t\t\t\t<\/div>\n\t\t\t\t<\/div>\n\t\t\t\t\t<\/div>\n\t\t<\/div>\n\t\t\t\t<div class=\"elementor-column elementor-col-50 elementor-top-column elementor-element elementor-element-ea0cb44\" data-id=\"ea0cb44\" data-element_type=\"column\">\n\t\t\t<div class=\"elementor-widget-wrap elementor-element-populated\">\n\t\t\t\t\t\t\t\t<div class=\"elementor-element elementor-element-ccf9004 elementor-widget elementor-widget-image\" data-id=\"ccf9004\" data-element_type=\"widget\" data-widget_type=\"image.default\">\n\t\t\t\t<div class=\"elementor-widget-container\">\n\t\t\t\t\t\t\t\t\t\t\t\t\t\t\t<img loading=\"lazy\" decoding=\"async\" width=\"1024\" height=\"768\" src=\"https:\/\/lerepitasbl.be\/wp-content\/uploads\/2024\/03\/IMG_20230722_225004-1024x768.jpg\" class=\"attachment-large size-large\" alt=\"\" srcset=\"https:\/\/lerepitasbl.be\/wp-content\/uploads\/2024\/03\/IMG_20230722_225004-1024x768.jpg 1024w, https:\/\/lerepitasbl.be\/wp-content\/uploads\/2024\/03\/IMG_20230722_225004-300x225.jpg 300w, https:\/\/lerepitasbl.be\/wp-content\/uploads\/2024\/03\/IMG_20230722_225004-768x576.jpg 768w, https:\/\/lerepitasbl.be\/wp-content\/uploads\/2024\/03\/IMG_20230722_225004-1536x1152.jpg 1536w, https:\/\/lerepitasbl.be\/wp-content\/uploads\/2024\/03\/IMG_20230722_225004-2048x1536.jpg 2048w\" sizes=\"auto, (max-width: 1024px) 100vw, 1024px\" \/>\t\t\t\t\t\t\t\t\t\t\t\t\t\t\t<\/div>\n\t\t\t\t<\/div>\n\t\t\t\t\t<\/div>\n\t\t<\/div>\n\t\t\t\t\t\t\t<\/div>\n\t\t<\/section>\n\t\t\t\t<section class=\"elementor-section elementor-top-section elementor-element elementor-element-bd387c8 elementor-section-boxed elementor-section-height-default elementor-section-height-default\" data-id=\"bd387c8\" data-element_type=\"section\">\n\t\t\t\t\t\t<div class=\"elementor-container elementor-column-gap-default\">\n\t\t\t\t\t<div class=\"elementor-column elementor-col-20 elementor-top-column elementor-element elementor-element-8b134bb\" data-id=\"8b134bb\" data-element_type=\"column\">\n\t\t\t<div class=\"elementor-widget-wrap elementor-element-populated\">\n\t\t\t\t\t\t\t\t<div class=\"elementor-element elementor-element-29e0192 elementor-widget elementor-widget-image\" data-id=\"29e0192\" data-element_type=\"widget\" data-widget_type=\"image.default\">\n\t\t\t\t<div class=\"elementor-widget-container\">\n\t\t\t\t\t\t\t\t\t\t\t\t\t\t\t<img loading=\"lazy\" decoding=\"async\" width=\"768\" height=\"1024\" src=\"https:\/\/lerepitasbl.be\/wp-content\/uploads\/2024\/03\/IMG_20230511_175618-768x1024.jpg\" class=\"attachment-large size-large\" alt=\"\" srcset=\"https:\/\/lerepitasbl.be\/wp-content\/uploads\/2024\/03\/IMG_20230511_175618-768x1024.jpg 768w, https:\/\/lerepitasbl.be\/wp-content\/uploads\/2024\/03\/IMG_20230511_175618-225x300.jpg 225w, https:\/\/lerepitasbl.be\/wp-content\/uploads\/2024\/03\/IMG_20230511_175618-1152x1536.jpg 1152w, https:\/\/lerepitasbl.be\/wp-content\/uploads\/2024\/03\/IMG_20230511_175618-1536x2048.jpg 1536w, https:\/\/lerepitasbl.be\/wp-content\/uploads\/2024\/03\/IMG_20230511_175618-scaled.jpg 1920w\" sizes=\"auto, (max-width: 768px) 100vw, 768px\" \/>\t\t\t\t\t\t\t\t\t\t\t\t\t\t\t<\/div>\n\t\t\t\t<\/div>\n\t\t\t\t\t<\/div>\n\t\t<\/div>\n\t\t\t\t<div class=\"elementor-column elementor-col-20 elementor-top-column elementor-element elementor-element-589ec22\" data-id=\"589ec22\" data-element_type=\"column\">\n\t\t\t<div class=\"elementor-widget-wrap elementor-element-populated\">\n\t\t\t\t\t\t\t\t<div class=\"elementor-element elementor-element-854116b elementor-widget elementor-widget-image\" data-id=\"854116b\" data-element_type=\"widget\" data-widget_type=\"image.default\">\n\t\t\t\t<div class=\"elementor-widget-container\">\n\t\t\t\t\t\t\t\t\t\t\t\t\t\t\t<img loading=\"lazy\" decoding=\"async\" width=\"768\" height=\"1024\" src=\"https:\/\/lerepitasbl.be\/wp-content\/uploads\/2024\/03\/IMG_20230511_180756-768x1024.jpg\" class=\"attachment-large size-large\" alt=\"\" srcset=\"https:\/\/lerepitasbl.be\/wp-content\/uploads\/2024\/03\/IMG_20230511_180756-768x1024.jpg 768w, https:\/\/lerepitasbl.be\/wp-content\/uploads\/2024\/03\/IMG_20230511_180756-225x300.jpg 225w, https:\/\/lerepitasbl.be\/wp-content\/uploads\/2024\/03\/IMG_20230511_180756-1152x1536.jpg 1152w, https:\/\/lerepitasbl.be\/wp-content\/uploads\/2024\/03\/IMG_20230511_180756-1536x2048.jpg 1536w, https:\/\/lerepitasbl.be\/wp-content\/uploads\/2024\/03\/IMG_20230511_180756-scaled.jpg 1920w\" sizes=\"auto, (max-width: 768px) 100vw, 768px\" \/>\t\t\t\t\t\t\t\t\t\t\t\t\t\t\t<\/div>\n\t\t\t\t<\/div>\n\t\t\t\t\t<\/div>\n\t\t<\/div>\n\t\t\t\t<div class=\"elementor-column elementor-col-20 elementor-top-column elementor-element elementor-element-e5deead\" data-id=\"e5deead\" data-element_type=\"column\">\n\t\t\t<div class=\"elementor-widget-wrap elementor-element-populated\">\n\t\t\t\t\t\t\t\t<div class=\"elementor-element elementor-element-b711a16 elementor-widget elementor-widget-image\" data-id=\"b711a16\" data-element_type=\"widget\" data-widget_type=\"image.default\">\n\t\t\t\t<div class=\"elementor-widget-container\">\n\t\t\t\t\t\t\t\t\t\t\t\t\t\t\t<img loading=\"lazy\" decoding=\"async\" width=\"768\" height=\"1024\" src=\"https:\/\/lerepitasbl.be\/wp-content\/uploads\/2024\/03\/IMG_20230511_175556-768x1024.jpg\" class=\"attachment-large size-large\" alt=\"\" srcset=\"https:\/\/lerepitasbl.be\/wp-content\/uploads\/2024\/03\/IMG_20230511_175556-768x1024.jpg 768w, https:\/\/lerepitasbl.be\/wp-content\/uploads\/2024\/03\/IMG_20230511_175556-225x300.jpg 225w, https:\/\/lerepitasbl.be\/wp-content\/uploads\/2024\/03\/IMG_20230511_175556-1152x1536.jpg 1152w, https:\/\/lerepitasbl.be\/wp-content\/uploads\/2024\/03\/IMG_20230511_175556-1536x2048.jpg 1536w, https:\/\/lerepitasbl.be\/wp-content\/uploads\/2024\/03\/IMG_20230511_175556-scaled.jpg 1920w\" sizes=\"auto, (max-width: 768px) 100vw, 768px\" \/>\t\t\t\t\t\t\t\t\t\t\t\t\t\t\t<\/div>\n\t\t\t\t<\/div>\n\t\t\t\t\t<\/div>\n\t\t<\/div>\n\t\t\t\t<div class=\"elementor-column elementor-col-20 elementor-top-column elementor-element elementor-element-166625c\" data-id=\"166625c\" data-element_type=\"column\">\n\t\t\t<div class=\"elementor-widget-wrap elementor-element-populated\">\n\t\t\t\t\t\t\t\t<div class=\"elementor-element elementor-element-db85e2f elementor-widget elementor-widget-image\" data-id=\"db85e2f\" data-element_type=\"widget\" data-widget_type=\"image.default\">\n\t\t\t\t<div class=\"elementor-widget-container\">\n\t\t\t\t\t\t\t\t\t\t\t\t\t\t\t<img loading=\"lazy\" decoding=\"async\" width=\"768\" height=\"1024\" src=\"https:\/\/lerepitasbl.be\/wp-content\/uploads\/2024\/03\/IMG_20230727_170616-768x1024.jpg\" class=\"attachment-large size-large\" alt=\"\" srcset=\"https:\/\/lerepitasbl.be\/wp-content\/uploads\/2024\/03\/IMG_20230727_170616-768x1024.jpg 768w, https:\/\/lerepitasbl.be\/wp-content\/uploads\/2024\/03\/IMG_20230727_170616-225x300.jpg 225w, https:\/\/lerepitasbl.be\/wp-content\/uploads\/2024\/03\/IMG_20230727_170616-1152x1536.jpg 1152w, https:\/\/lerepitasbl.be\/wp-content\/uploads\/2024\/03\/IMG_20230727_170616-1536x2048.jpg 1536w, https:\/\/lerepitasbl.be\/wp-content\/uploads\/2024\/03\/IMG_20230727_170616-scaled.jpg 1920w\" sizes=\"auto, (max-width: 768px) 100vw, 768px\" \/>\t\t\t\t\t\t\t\t\t\t\t\t\t\t\t<\/div>\n\t\t\t\t<\/div>\n\t\t\t\t\t<\/div>\n\t\t<\/div>\n\t\t\t\t<div class=\"elementor-column elementor-col-20 elementor-top-column elementor-element elementor-element-3790af9\" data-id=\"3790af9\" data-element_type=\"column\">\n\t\t\t<div class=\"elementor-widget-wrap elementor-element-populated\">\n\t\t\t\t\t\t\t\t<div class=\"elementor-element elementor-element-2991bfe elementor-widget elementor-widget-image\" data-id=\"2991bfe\" data-element_type=\"widget\" data-widget_type=\"image.default\">\n\t\t\t\t<div class=\"elementor-widget-container\">\n\t\t\t\t\t\t\t\t\t\t\t\t\t\t\t<img loading=\"lazy\" decoding=\"async\" width=\"1024\" height=\"768\" src=\"https:\/\/lerepitasbl.be\/wp-content\/uploads\/2024\/03\/IMG_20230722_225058-1024x768.jpg\" class=\"attachment-large size-large\" alt=\"\" srcset=\"https:\/\/lerepitasbl.be\/wp-content\/uploads\/2024\/03\/IMG_20230722_225058-1024x768.jpg 1024w, https:\/\/lerepitasbl.be\/wp-content\/uploads\/2024\/03\/IMG_20230722_225058-300x225.jpg 300w, https:\/\/lerepitasbl.be\/wp-content\/uploads\/2024\/03\/IMG_20230722_225058-768x576.jpg 768w, https:\/\/lerepitasbl.be\/wp-content\/uploads\/2024\/03\/IMG_20230722_225058-1536x1152.jpg 1536w, https:\/\/lerepitasbl.be\/wp-content\/uploads\/2024\/03\/IMG_20230722_225058-2048x1536.jpg 2048w\" sizes=\"auto, (max-width: 1024px) 100vw, 1024px\" \/>\t\t\t\t\t\t\t\t\t\t\t\t\t\t\t<\/div>\n\t\t\t\t<\/div>\n\t\t\t\t\t<\/div>\n\t\t<\/div>\n\t\t\t\t\t\t\t<\/div>\n\t\t<\/section>\n\t\t\t\t<section class=\"elementor-section elementor-top-section elementor-element elementor-element-ddf893c elementor-section-boxed elementor-section-height-default elementor-section-height-default\" data-id=\"ddf893c\" data-element_type=\"section\">\n\t\t\t\t\t\t<div class=\"elementor-container elementor-column-gap-default\">\n\t\t\t\t\t<div class=\"elementor-column elementor-col-50 elementor-top-column elementor-element elementor-element-5db6706\" data-id=\"5db6706\" data-element_type=\"column\">\n\t\t\t<div class=\"elementor-widget-wrap elementor-element-populated\">\n\t\t\t\t\t\t\t\t<div class=\"elementor-element elementor-element-ebc81e9 elementor-widget elementor-widget-image\" data-id=\"ebc81e9\" data-element_type=\"widget\" data-widget_type=\"image.default\">\n\t\t\t\t<div class=\"elementor-widget-container\">\n\t\t\t\t\t\t\t\t\t\t\t\t\t\t\t<img loading=\"lazy\" decoding=\"async\" width=\"724\" height=\"1024\" src=\"https:\/\/lerepitasbl.be\/wp-content\/uploads\/2024\/03\/safe-party-2023-724x1024.jpg\" class=\"attachment-large size-large\" alt=\"\" srcset=\"https:\/\/lerepitasbl.be\/wp-content\/uploads\/2024\/03\/safe-party-2023-724x1024.jpg 724w, https:\/\/lerepitasbl.be\/wp-content\/uploads\/2024\/03\/safe-party-2023-212x300.jpg 212w, https:\/\/lerepitasbl.be\/wp-content\/uploads\/2024\/03\/safe-party-2023-768x1086.jpg 768w, https:\/\/lerepitasbl.be\/wp-content\/uploads\/2024\/03\/safe-party-2023-1086x1536.jpg 1086w, https:\/\/lerepitasbl.be\/wp-content\/uploads\/2024\/03\/safe-party-2023-1448x2048.jpg 1448w, https:\/\/lerepitasbl.be\/wp-content\/uploads\/2024\/03\/safe-party-2023.jpg 1587w\" sizes=\"auto, (max-width: 724px) 100vw, 724px\" \/>\t\t\t\t\t\t\t\t\t\t\t\t\t\t\t<\/div>\n\t\t\t\t<\/div>\n\t\t\t\t\t<\/div>\n\t\t<\/div>\n\t\t\t\t<div class=\"elementor-column elementor-col-50 elementor-top-column elementor-element elementor-element-d7fca9f\" data-id=\"d7fca9f\" data-element_type=\"column\">\n\t\t\t<div class=\"elementor-widget-wrap\">\n\t\t\t\t\t\t\t\t\t<\/div>\n\t\t<\/div>\n\t\t\t\t\t\t\t<\/div>\n\t\t<\/section>\n\t\t\t\t\t\t\t<\/div>\n\t\t","protected":false},"excerpt":{"rendered":"<p>Le projet de r\u00e9duction des risques en milieu festif consiste \u00e0 mettre en place des stands de sensibilisation sur les sites d\u2019activit\u00e9s festives (distribution de pr\u00e9servatifs, bouchons d\u2019oreille, eau, brochures, etc.) et de rentrer en contact avec le public afin d\u2019informer, de sensibiliser sur les risques li\u00e9s aux consommations d\u2019alcool et de produits, ainsi qu\u2019aux [&hellip;]<\/p>\n","protected":false},"author":3,"featured_media":0,"parent":0,"menu_order":0,"comment_status":"closed","ping_status":"closed","template":"","meta":{"footnotes":""},"class_list":["post-159","page","type-page","status-publish","hentry"],"_links":{"self":[{"href":"https:\/\/lerepitasbl.be\/index.php\/wp-json\/wp\/v2\/pages\/159","targetHints":{"allow":["GET"]}}],"collection":[{"href":"https:\/\/lerepitasbl.be\/index.php\/wp-json\/wp\/v2\/pages"}],"about":[{"href":"https:\/\/lerepitasbl.be\/index.php\/wp-json\/wp\/v2\/types\/page"}],"author":[{"embeddable":true,"href":"https:\/\/lerepitasbl.be\/index.php\/wp-json\/wp\/v2\/users\/3"}],"replies":[{"embeddable":true,"href":"https:\/\/lerepitasbl.be\/index.php\/wp-json\/wp\/v2\/comments?post=159"}],"version-history":[{"count":13,"href":"https:\/\/lerepitasbl.be\/index.php\/wp-json\/wp\/v2\/pages\/159\/revisions"}],"predecessor-version":[{"id":329,"href":"https:\/\/lerepitasbl.be\/index.php\/wp-json\/wp\/v2\/pages\/159\/revisions\/329"}],"wp:attachment":[{"href":"https:\/\/lerepitasbl.be\/index.php\/wp-json\/wp\/v2\/media?parent=159"}],"curies":[{"name":"wp","href":"https:\/\/api.w.org\/{rel}","templated":true}]}}