{"id":88,"date":"2022-12-07T11:36:15","date_gmt":"2022-12-07T10:36:15","guid":{"rendered":"http:\/\/lerepitasbl.be\/?page_id=88"},"modified":"2024-03-15T16:58:43","modified_gmt":"2024-03-15T15:58:43","slug":"qui-sommes-nous","status":"publish","type":"page","link":"https:\/\/lerepitasbl.be\/index.php\/qui-sommes-nous\/","title":{"rendered":"Qui sommes-nous"},"content":{"rendered":"\t\t<div data-elementor-type=\"wp-page\" data-elementor-id=\"88\" class=\"elementor elementor-88\">\n\t\t\t\t\t\t\t\t\t<section class=\"elementor-section elementor-top-section elementor-element elementor-element-c86721f elementor-section-boxed elementor-section-height-default elementor-section-height-default\" data-id=\"c86721f\" data-element_type=\"section\">\n\t\t\t\t\t\t<div class=\"elementor-container elementor-column-gap-default\">\n\t\t\t\t\t<div class=\"elementor-column elementor-col-100 elementor-top-column elementor-element elementor-element-89a6b0b\" data-id=\"89a6b0b\" data-element_type=\"column\">\n\t\t\t<div class=\"elementor-widget-wrap elementor-element-populated\">\n\t\t\t\t\t\t\t\t<div class=\"elementor-element elementor-element-e79cfce elementor-widget elementor-widget-text-editor\" data-id=\"e79cfce\" data-element_type=\"widget\" id=\"A-propos\" data-widget_type=\"text-editor.default\">\n\t\t\t\t<div class=\"elementor-widget-container\">\n\t\t\t<style>\/*! elementor - v3.8.1 - 13-11-2022 *\/\n.elementor-widget-text-editor.elementor-drop-cap-view-stacked .elementor-drop-cap{background-color:#818a91;color:#fff}.elementor-widget-text-editor.elementor-drop-cap-view-framed .elementor-drop-cap{color:#818a91;border:3px solid;background-color:transparent}.elementor-widget-text-editor:not(.elementor-drop-cap-view-default) .elementor-drop-cap{margin-top:8px}.elementor-widget-text-editor:not(.elementor-drop-cap-view-default) .elementor-drop-cap-letter{width:1em;height:1em}.elementor-widget-text-editor .elementor-drop-cap{float:left;text-align:center;line-height:1;font-size:50px}.elementor-widget-text-editor .elementor-drop-cap-letter{display:inline-block}<\/style>\t\t\t\t<p><span style=\"text-decoration: underline;\"><strong>A propos<\/strong><\/span><\/p><p>L\u2019ASBL Le R\u00e9pit est un service agr\u00e9\u00e9 et sp\u00e9cialis\u00e9 en mati\u00e8re d\u2019usages de drogues (il)l\u00e9gales et d\u2019assu\u00e9tudes. Concr\u00e8tement, nous proposons une \u00e9coute et un soutien pour toute personne touch\u00e9e de pr\u00e8s ou de loin par la d\u00e9pendance, qu\u2019elle soit \u00e0 un produit et\/ou \u00e0 un comportement. Notre service fonctionne sur les principes de bas seuil d\u2019exigence et offre des suivis psychosociaux, psychologiques et m\u00e9dicaux dans un cadre bienveillant qui garantit le non-jugement et la confidentialit\u00e9 couverte par le secret professionnel.<\/p>\t\t\t\t\t\t<\/div>\n\t\t\t\t<\/div>\n\t\t\t\t\t<\/div>\n\t\t<\/div>\n\t\t\t\t\t\t\t<\/div>\n\t\t<\/section>\n\t\t\t\t<section class=\"elementor-section elementor-top-section elementor-element elementor-element-6565784 elementor-section-boxed elementor-section-height-default elementor-section-height-default\" data-id=\"6565784\" data-element_type=\"section\">\n\t\t\t\t\t\t<div class=\"elementor-container elementor-column-gap-default\">\n\t\t\t\t\t<div class=\"elementor-column elementor-col-100 elementor-top-column elementor-element elementor-element-fa56f09\" data-id=\"fa56f09\" data-element_type=\"column\">\n\t\t\t<div class=\"elementor-widget-wrap elementor-element-populated\">\n\t\t\t\t\t\t\t\t<div class=\"elementor-element elementor-element-a39250f elementor-widget elementor-widget-text-editor\" data-id=\"a39250f\" data-element_type=\"widget\" id=\"Notre-\u00e9quipe\" data-widget_type=\"text-editor.default\">\n\t\t\t\t<div class=\"elementor-widget-container\">\n\t\t\t\t\t\t\t<p><strong><span style=\"text-decoration: underline;\">Notre \u00e9quipe<\/span><\/strong><\/p><p>\u00a0<\/p><p><strong>Au R\u00e9pit, vous \u00eates pris en charge par une \u00e9quipe pluridisciplinaire<\/strong><\/p><p>\u00a0<\/p><p>Deux <strong>assistantes sociales<\/strong> assurent principalement l&rsquo;accueil, les premiers rendez-vous, l&rsquo;accompagnement et les suivis sociaux<\/p><ul><li>GRANDJEAN Ludivine<\/li><li>GEENS Charl\u00e8ne<\/li><\/ul><p>Deux\u00a0<strong>psychologue<\/strong> prend en charge les suivis psychologiques. La psychologue dispose de formations diverses : TCC, coaching, syst\u00e9mique, etc.<\/p><ul><li>GILLES Ad\u00e9la\u00efde<\/li><li>DAMBROISE La\u00ebtitia<\/li><\/ul><p>Deux<strong> m\u00e9decins g\u00e9n\u00e9ralistes<\/strong> sont pr\u00e9sents deux demi-journ\u00e9es par semaine pour assurer les consultations m\u00e9dicales sp\u00e9cialis\u00e9e en assu\u00e9tude en partenariat avec la MASS de Charleroi DIAPASON. Ceux-ci sont accompagn\u00e9s de d&rsquo;un\u00a0<strong>\u00e9ducateur<\/strong>.<\/p><ul><li>St\u00e9phane BELOY\u00a0 , M\u00e9decin g\u00e9n\u00e9raliste<\/li><li>St\u00e9phanie ORBAN, M\u00e9decin g\u00e9n\u00e9raliste<\/li><li>Anthony PETACCIA, \u00e9ducateur<\/li><\/ul>\t\t\t\t\t\t<\/div>\n\t\t\t\t<\/div>\n\t\t\t\t\t<\/div>\n\t\t<\/div>\n\t\t\t\t\t\t\t<\/div>\n\t\t<\/section>\n\t\t\t\t<section class=\"elementor-section elementor-top-section elementor-element elementor-element-a948102 elementor-section-boxed elementor-section-height-default elementor-section-height-default\" data-id=\"a948102\" data-element_type=\"section\">\n\t\t\t\t\t\t<div class=\"elementor-container elementor-column-gap-default\">\n\t\t\t\t\t<div class=\"elementor-column elementor-col-100 elementor-top-column elementor-element elementor-element-5ed9d80\" data-id=\"5ed9d80\" data-element_type=\"column\">\n\t\t\t<div class=\"elementor-widget-wrap\">\n\t\t\t\t\t\t\t\t\t<\/div>\n\t\t<\/div>\n\t\t\t\t\t\t\t<\/div>\n\t\t<\/section>\n\t\t\t\t<section class=\"elementor-section elementor-top-section elementor-element elementor-element-e9f69d8 elementor-section-boxed elementor-section-height-default elementor-section-height-default\" data-id=\"e9f69d8\" data-element_type=\"section\">\n\t\t\t\t\t\t<div class=\"elementor-container elementor-column-gap-default\">\n\t\t\t\t\t<div class=\"elementor-column elementor-col-100 elementor-top-column elementor-element elementor-element-67e4e12\" data-id=\"67e4e12\" data-element_type=\"column\">\n\t\t\t<div class=\"elementor-widget-wrap elementor-element-populated\">\n\t\t\t\t\t\t\t\t<div class=\"elementor-element elementor-element-d19b504 elementor-widget elementor-widget-text-editor\" data-id=\"d19b504\" data-element_type=\"widget\" data-widget_type=\"text-editor.default\">\n\t\t\t\t<div class=\"elementor-widget-container\">\n\t\t\t\t\t\t\t<p><span style=\"text-decoration: underline;\"><strong>Statut de l&rsquo;asbl<\/strong><\/span><\/p>\t\t\t\t\t\t<\/div>\n\t\t\t\t<\/div>\n\t\t\t\t\t<\/div>\n\t\t<\/div>\n\t\t\t\t\t\t\t<\/div>\n\t\t<\/section>\n\t\t\t\t<section class=\"elementor-section elementor-top-section elementor-element elementor-element-251baec elementor-section-boxed elementor-section-height-default elementor-section-height-default\" data-id=\"251baec\" data-element_type=\"section\">\n\t\t\t\t\t\t<div class=\"elementor-container elementor-column-gap-default\">\n\t\t\t\t\t<div class=\"elementor-column elementor-col-100 elementor-top-column elementor-element elementor-element-809a56e\" data-id=\"809a56e\" data-element_type=\"column\">\n\t\t\t<div class=\"elementor-widget-wrap elementor-element-populated\">\n\t\t\t\t\t\t\t\t<div class=\"elementor-element elementor-element-8088200 elementor-widget elementor-widget-text-editor\" data-id=\"8088200\" data-element_type=\"widget\" data-widget_type=\"text-editor.default\">\n\t\t\t\t<div class=\"elementor-widget-container\">\n\t\t\t\t\t\t\t<p><span style=\"text-decoration: underline;\"><strong>Rapports d&rsquo;activit\u00e9s<\/strong><\/span><\/p>\t\t\t\t\t\t<\/div>\n\t\t\t\t<\/div>\n\t\t\t\t\t<\/div>\n\t\t<\/div>\n\t\t\t\t\t\t\t<\/div>\n\t\t<\/section>\n\t\t\t\t\t\t\t<\/div>\n\t\t","protected":false},"excerpt":{"rendered":"<p>A propos L\u2019ASBL Le R\u00e9pit est un service agr\u00e9\u00e9 et sp\u00e9cialis\u00e9 en mati\u00e8re d\u2019usages de drogues (il)l\u00e9gales et d\u2019assu\u00e9tudes. Concr\u00e8tement, nous proposons une \u00e9coute et un soutien pour toute personne touch\u00e9e de pr\u00e8s ou de loin par la d\u00e9pendance, qu\u2019elle soit \u00e0 un produit et\/ou \u00e0 un comportement. Notre service fonctionne sur les principes de [&hellip;]<\/p>\n","protected":false},"author":3,"featured_media":0,"parent":0,"menu_order":0,"comment_status":"closed","ping_status":"closed","template":"","meta":{"footnotes":""},"class_list":["post-88","page","type-page","status-publish","hentry"],"_links":{"self":[{"href":"https:\/\/lerepitasbl.be\/index.php\/wp-json\/wp\/v2\/pages\/88","targetHints":{"allow":["GET"]}}],"collection":[{"href":"https:\/\/lerepitasbl.be\/index.php\/wp-json\/wp\/v2\/pages"}],"about":[{"href":"https:\/\/lerepitasbl.be\/index.php\/wp-json\/wp\/v2\/types\/page"}],"author":[{"embeddable":true,"href":"https:\/\/lerepitasbl.be\/index.php\/wp-json\/wp\/v2\/users\/3"}],"replies":[{"embeddable":true,"href":"https:\/\/lerepitasbl.be\/index.php\/wp-json\/wp\/v2\/comments?post=88"}],"version-history":[{"count":28,"href":"https:\/\/lerepitasbl.be\/index.php\/wp-json\/wp\/v2\/pages\/88\/revisions"}],"predecessor-version":[{"id":335,"href":"https:\/\/lerepitasbl.be\/index.php\/wp-json\/wp\/v2\/pages\/88\/revisions\/335"}],"wp:attachment":[{"href":"https:\/\/lerepitasbl.be\/index.php\/wp-json\/wp\/v2\/media?parent=88"}],"curies":[{"name":"wp","href":"https:\/\/api.w.org\/{rel}","templated":true}]}}